{"id":33,"date":"2021-05-23T20:44:06","date_gmt":"2021-05-23T20:44:06","guid":{"rendered":"https:\/\/enciclopediacatolica.com.br\/?page_id=33"},"modified":"2021-12-28T11:47:48","modified_gmt":"2021-12-28T14:47:48","slug":"home","status":"publish","type":"page","link":"https:\/\/enciclopediacatolica.com.br\/","title":{"rendered":"#"},"content":{"rendered":"\n<h2 class=\"has-text-align-center wp-block-heading\">Boas-vindas<\/h2>\n\n\n\n<p class=\"has-text-align-center\">Tradu\u00e7\u00e3o n\u00e3o-oficial da Enciclop\u00e9dia Cat\u00f3lica digitalizada no site&nbsp;<a href=\"http:\/\/newadvent.org\/\" target=\"_blank\" rel=\"noreferrer noopener\">newadvent.org<\/a><\/p>\n\n\n\n<p class=\"has-text-align-center\">Navegue atrav\u00e9s do menu no topo da p\u00e1gina para acessar os artigos.<\/p>\n\n\n\n<p class=\"has-text-align-center\">\u200bEste \u00e9 um trabalho em progresso. A ordem da tradu\u00e7\u00e3o est\u00e1 seguindo uma l\u00f3gica n\u00e3o-linear. Os links apontam, por enquanto, para o conte\u00fado original; ser\u00e3o atualizados eventualmente.<\/p>\n\n\n\n<p class=\"has-text-align-center\">Sinta-se \u00e0 vontade para sugerir a tradu\u00e7\u00e3o de algum artigo de seu interesse. Possivelmente ele ser\u00e1 colocado no topo da lista de prioridades.<\/p>\n\n\n\n<p class=\"has-text-align-center\">Viva Cristo Rei!<\/p>\n","protected":false},"excerpt":{"rendered":"<p>Boas-vindas Tradu\u00e7\u00e3o n\u00e3o-oficial da Enciclop\u00e9dia Cat\u00f3lica digitalizada no site&nbsp;newadvent.org Navegue atrav\u00e9s do menu no topo da p\u00e1gina para acessar os artigos. \u200bEste \u00e9 um trabalho em progresso. A ordem da tradu\u00e7\u00e3o est\u00e1 seguindo uma l\u00f3gica n\u00e3o-linear. Os links apontam, por enquanto, para o conte\u00fado original; ser\u00e3o atualizados eventualmente. Sinta-se \u00e0 vontade para sugerir a tradu\u00e7\u00e3o &hellip; <\/p>\n<p class=\"link-more\"><a href=\"https:\/\/enciclopediacatolica.com.br\/\" class=\"more-link\">Read the full post &rarr;<span class=\"screen-reader-text\">&#8220;#&#8221;<\/span><\/a><\/p>\n","protected":false},"author":1,"featured_media":0,"parent":0,"menu_order":0,"comment_status":"closed","ping_status":"closed","template":"","meta":{"om_disable_all_campaigns":false,"_monsterinsights_skip_tracking":false,"_monsterinsights_sitenote_active":false,"_monsterinsights_sitenote_note":"","_monsterinsights_sitenote_category":0,"footnotes":""},"class_list":["post-33","page","type-page","status-publish","hentry"],"jetpack_sharing_enabled":true,"_links":{"self":[{"href":"https:\/\/enciclopediacatolica.com.br\/index.php?rest_route=\/wp\/v2\/pages\/33","targetHints":{"allow":["GET"]}}],"collection":[{"href":"https:\/\/enciclopediacatolica.com.br\/index.php?rest_route=\/wp\/v2\/pages"}],"about":[{"href":"https:\/\/enciclopediacatolica.com.br\/index.php?rest_route=\/wp\/v2\/types\/page"}],"author":[{"embeddable":true,"href":"https:\/\/enciclopediacatolica.com.br\/index.php?rest_route=\/wp\/v2\/users\/1"}],"replies":[{"embeddable":true,"href":"https:\/\/enciclopediacatolica.com.br\/index.php?rest_route=%2Fwp%2Fv2%2Fcomments&post=33"}],"version-history":[{"count":4,"href":"https:\/\/enciclopediacatolica.com.br\/index.php?rest_route=\/wp\/v2\/pages\/33\/revisions"}],"predecessor-version":[{"id":492,"href":"https:\/\/enciclopediacatolica.com.br\/index.php?rest_route=\/wp\/v2\/pages\/33\/revisions\/492"}],"wp:attachment":[{"href":"https:\/\/enciclopediacatolica.com.br\/index.php?rest_route=%2Fwp%2Fv2%2Fmedia&parent=33"}],"curies":[{"name":"wp","href":"https:\/\/api.w.org\/{rel}","templated":true}]}}