{"id":61,"date":"2021-05-24T00:22:44","date_gmt":"2021-05-24T03:22:44","guid":{"rendered":"https:\/\/enciclopediacatolica.com.br\/?page_id=61"},"modified":"2021-05-24T22:33:41","modified_gmt":"2021-05-25T01:33:41","slug":"g","status":"publish","type":"page","link":"https:\/\/enciclopediacatolica.com.br\/?page_id=61","title":{"rendered":"G"},"content":{"rendered":"\n<p><a href=\"https:\/\/enciclopediacatolica.com.br\/?p=227\" title=\"Gabala\">Gabala<\/a> \u2013 Uma s\u00e9 titular da S\u00edria Prima<br><a href=\"https:\/\/enciclopediacatolica.com.br\/?p=229\" title=\"G\u00e1bata\">G\u00e1bata<\/a> \u2013 A denomina\u00e7\u00e3o em aramaico de um local em Jerusal\u00e9m, designado tamb\u00e9m sob o nome grego de Lithostrotos (Lajeado)<br><a href=\"https:\/\/enciclopediacatolica.com.br\/?p=231\" title=\"S\u00e3o Gabriel Arcanjo\">Gabriel Arcanjo, S\u00e3o<\/a> \u2013 Um dos tr\u00eas arcanjos mencionados na B\u00edblia<br><a href=\"https:\/\/enciclopediacatolica.com.br\/?p=233\" title=\"Irm\u00e3os de S\u00e3o Gabriel\">Gabriel, Irm\u00e3os de S\u00e3o<\/a> \u2013 Originalmente fundada por S. Luis Grignon de Montfort em 1705, mas n\u00e3o se espalhou muito at\u00e9 que foi amalgamada com outra fundada em 1835 pelo Monsenhor Deshayes, vig\u00e1rio-geral de Rennes<br><a href=\"https:\/\/enciclopediacatolica.com.br\/?p=235\" title=\"S. Gabriel Possenti\">Gabriel Possenti, S\u00e3o<\/a> \u2013 Estudante passionista, m. 1862<br><a href=\"https:\/\/enciclopediacatolica.com.br\/?p=237\" title=\"Gloria in Excelsis Deo (Gl\u00f3ria a Deus nas Alturas)\">Gloria in Exelcis Deo<\/a> \u2013 A grande doxologia (hymnus angelicus) na missa \u00e9 uma vers\u00e3o de uma velha f\u00f3rmula grega. Ela come\u00e7a com as palavras cantadas pelos anjos no nascimento de Cristo (Lucas 2:14). A este verso outros foram adicionados h\u00e1 muito tempo, formando uma doxologia<\/p>\n\n\n\n<p>\u200b<\/p>\n","protected":false},"excerpt":{"rendered":"<p>Gabala \u2013 Uma s\u00e9 titular da S\u00edria PrimaG\u00e1bata \u2013 A denomina\u00e7\u00e3o em aramaico de um local em Jerusal\u00e9m, designado tamb\u00e9m sob o nome grego de Lithostrotos (Lajeado)Gabriel Arcanjo, S\u00e3o \u2013 Um dos tr\u00eas arcanjos mencionados na B\u00edbliaGabriel, Irm\u00e3os de S\u00e3o \u2013 Originalmente fundada por S. Luis Grignon de Montfort em 1705, mas n\u00e3o se espalhou &hellip; <\/p>\n<p class=\"link-more\"><a href=\"https:\/\/enciclopediacatolica.com.br\/?page_id=61\" class=\"more-link\">Read the full post &rarr;<span class=\"screen-reader-text\">&#8220;G&#8221;<\/span><\/a><\/p>\n","protected":false},"author":1,"featured_media":0,"parent":0,"menu_order":0,"comment_status":"closed","ping_status":"closed","template":"","meta":{"om_disable_all_campaigns":false,"_monsterinsights_skip_tracking":false,"_monsterinsights_sitenote_active":false,"_monsterinsights_sitenote_note":"","_monsterinsights_sitenote_category":0,"footnotes":""},"class_list":["post-61","page","type-page","status-publish","hentry"],"jetpack_sharing_enabled":true,"_links":{"self":[{"href":"https:\/\/enciclopediacatolica.com.br\/index.php?rest_route=\/wp\/v2\/pages\/61","targetHints":{"allow":["GET"]}}],"collection":[{"href":"https:\/\/enciclopediacatolica.com.br\/index.php?rest_route=\/wp\/v2\/pages"}],"about":[{"href":"https:\/\/enciclopediacatolica.com.br\/index.php?rest_route=\/wp\/v2\/types\/page"}],"author":[{"embeddable":true,"href":"https:\/\/enciclopediacatolica.com.br\/index.php?rest_route=\/wp\/v2\/users\/1"}],"replies":[{"embeddable":true,"href":"https:\/\/enciclopediacatolica.com.br\/index.php?rest_route=%2Fwp%2Fv2%2Fcomments&post=61"}],"version-history":[{"count":2,"href":"https:\/\/enciclopediacatolica.com.br\/index.php?rest_route=\/wp\/v2\/pages\/61\/revisions"}],"predecessor-version":[{"id":453,"href":"https:\/\/enciclopediacatolica.com.br\/index.php?rest_route=\/wp\/v2\/pages\/61\/revisions\/453"}],"wp:attachment":[{"href":"https:\/\/enciclopediacatolica.com.br\/index.php?rest_route=%2Fwp%2Fv2%2Fmedia&parent=61"}],"curies":[{"name":"wp","href":"https:\/\/api.w.org\/{rel}","templated":true}]}}