{"id":67,"date":"2021-05-24T00:23:18","date_gmt":"2021-05-24T03:23:18","guid":{"rendered":"https:\/\/enciclopediacatolica.com.br\/?page_id=67"},"modified":"2021-12-29T21:20:37","modified_gmt":"2021-12-30T00:20:37","slug":"j","status":"publish","type":"page","link":"https:\/\/enciclopediacatolica.com.br\/?page_id=67","title":{"rendered":"J"},"content":{"rendered":"\n<p><a href=\"https:\/\/enciclopediacatolica.com.br\/?p=259\" title=\"Diocese de Jaca\">Jaca, Diocese de<\/a> \u2013 Localizada na prov\u00edncia espanhola de Huesca. Jaca, a cidade principal do distrito montanhoso de Sobrarbe<br><a href=\"https:\/\/enciclopediacatolica.com.br\/?p=281\" title=\"S. Jacinto\">Jacinto, S\u00e3o<\/a> \u2013 Dominicano polon\u00eas, morto em 1257<br><a href=\"https:\/\/enciclopediacatolica.com.br\/?p=279\" title=\"Jejum\">Jejum<\/a> \u2013 Abstin\u00eancia de comida ou bebida<br><a href=\"https:\/\/enciclopediacatolica.com.br\/?p=261\" title=\"S\u00e3o Jer\u00f4nimo\">Jer\u00f4nimo, S\u00e3o<\/a> \u2013 Longo artigo sobre a vida e as obras de S. Jer\u00f4nimo<br><a href=\"https:\/\/enciclopediacatolica.com.br\/?p=263\" title=\"Jesus Cristo\">Jesus Cristo<\/a> \u2013 O Filho de Deus encarnado e redentor da ra\u00e7a humana<br><a href=\"https:\/\/enciclopediacatolica.com.br\/?p=265\" title=\"Cronologia da Vida de Jesus Cristo\">Jesus Cristo, Cronologia da Vida de<\/a> \u2013 Inclui as cronologias absoluta e a relativa<br><a href=\"https:\/\/enciclopediacatolica.com.br\/?p=267\" title=\"Documentos Hist\u00f3ricos Antigos sobre Jesus Cristo\">Jesus Cristo, Documentos Hist\u00f3ricos Antigos sobre<\/a> \u2013 Dividido em tr\u00eas classes: fontes pag\u00e3s, fontes judaicas e fontes crist\u00e3s<br><a href=\"https:\/\/enciclopediacatolica.com.br\/?p=269\" title=\"Origem do Nome de Jesus Cristo\">Jesus Cristo, Origem do Nome de<\/a> \u2013 Artigo que examina os nomes Jesus e Cristo separadamente<br><a href=\"https:\/\/enciclopediacatolica.com.br\/?p=271\" title=\"Santo Nome de Jesus\">Jesus Cristo, Santo Nome de<\/a> \u2013 Rever\u00eancia ao nome de Jesus n\u00e3o \u00e9 opcional para os crentes. Artigo que destaca as raz\u00f5es nas Escrituras, e descreve alguns meios costumeiros de mostrar rever\u00eancia<br><a href=\"https:\/\/enciclopediacatolica.com.br\/?p=619\" title=\"Sta. Joana Francisca de Chantal\">Joana Francisca de Chantal, Santa<\/a> \u2013 Biografia da baronesa vi\u00fava, m\u00e3e e fundadora da Ordem da Visita\u00e7\u00e3o de Santa Maria, que morreu em 1641<br>\u200b<a href=\"https:\/\/enciclopediacatolica.com.br\/?p=273\" title=\"S\u00e3o Jo\u00e3o Evangelista\">Jo\u00e3o Evangelista, S\u00e3o<\/a> \u2013 Irm\u00e3o de Tiago e filho de Zebedeu<br><a href=\"https:\/\/enciclopediacatolica.com.br\/?p=275\" title=\"S\u00e3o Jos\u00e9\">Jos\u00e9, S\u00e3o<\/a> \u2013 Informa\u00e7\u00f5es sobre a vida inteira de S. Jos\u00e9<br><a href=\"https:\/\/enciclopediacatolica.com.br\/?p=277\" title=\"Judas Iscariotes\">Judas Iscariotes<\/a> \u2013 O ap\u00f3stolo que traiu Jesus<br><a href=\"https:\/\/enciclopediacatolica.com.br\/?p=511\" title=\"Julgamento particular\">Julgamento particular<\/a> \u2013 A doutrina cat\u00f3lica do julgamento particular \u00e9 esta: que imediatamente ap\u00f3s a morte o destino eterno de cada alma separada do corpo \u00e9 decidido pelo justo julgamento de Deus<\/p>\n","protected":false},"excerpt":{"rendered":"<p>Jaca, Diocese de \u2013 Localizada na prov\u00edncia espanhola de Huesca. Jaca, a cidade principal do distrito montanhoso de SobrarbeJacinto, S\u00e3o \u2013 Dominicano polon\u00eas, morto em 1257Jejum \u2013 Abstin\u00eancia de comida ou bebidaJer\u00f4nimo, S\u00e3o \u2013 Longo artigo sobre a vida e as obras de S. Jer\u00f4nimoJesus Cristo \u2013 O Filho de Deus encarnado e redentor da &hellip; <\/p>\n<p class=\"link-more\"><a href=\"https:\/\/enciclopediacatolica.com.br\/?page_id=67\" class=\"more-link\">Read the full post &rarr;<span class=\"screen-reader-text\">&#8220;J&#8221;<\/span><\/a><\/p>\n","protected":false},"author":1,"featured_media":0,"parent":0,"menu_order":0,"comment_status":"closed","ping_status":"closed","template":"","meta":{"om_disable_all_campaigns":false,"_monsterinsights_skip_tracking":false,"_monsterinsights_sitenote_active":false,"_monsterinsights_sitenote_note":"","_monsterinsights_sitenote_category":0,"footnotes":""},"class_list":["post-67","page","type-page","status-publish","hentry"],"jetpack_sharing_enabled":true,"_links":{"self":[{"href":"https:\/\/enciclopediacatolica.com.br\/index.php?rest_route=\/wp\/v2\/pages\/67","targetHints":{"allow":["GET"]}}],"collection":[{"href":"https:\/\/enciclopediacatolica.com.br\/index.php?rest_route=\/wp\/v2\/pages"}],"about":[{"href":"https:\/\/enciclopediacatolica.com.br\/index.php?rest_route=\/wp\/v2\/types\/page"}],"author":[{"embeddable":true,"href":"https:\/\/enciclopediacatolica.com.br\/index.php?rest_route=\/wp\/v2\/users\/1"}],"replies":[{"embeddable":true,"href":"https:\/\/enciclopediacatolica.com.br\/index.php?rest_route=%2Fwp%2Fv2%2Fcomments&post=67"}],"version-history":[{"count":4,"href":"https:\/\/enciclopediacatolica.com.br\/index.php?rest_route=\/wp\/v2\/pages\/67\/revisions"}],"predecessor-version":[{"id":622,"href":"https:\/\/enciclopediacatolica.com.br\/index.php?rest_route=\/wp\/v2\/pages\/67\/revisions\/622"}],"wp:attachment":[{"href":"https:\/\/enciclopediacatolica.com.br\/index.php?rest_route=%2Fwp%2Fv2%2Fmedia&parent=67"}],"curies":[{"name":"wp","href":"https:\/\/api.w.org\/{rel}","templated":true}]}}