{"id":83,"date":"2021-05-24T00:24:54","date_gmt":"2021-05-24T03:24:54","guid":{"rendered":"https:\/\/enciclopediacatolica.com.br\/?page_id=83"},"modified":"2021-06-07T16:04:20","modified_gmt":"2021-06-07T19:04:20","slug":"r","status":"publish","type":"page","link":"https:\/\/enciclopediacatolica.com.br\/?page_id=83","title":{"rendered":"R"},"content":{"rendered":"\n<p><a href=\"https:\/\/enciclopediacatolica.com.br\/?p=362\" title=\"Beato Maurus Magnentius Rabanus\">Rabanus, Beato Maurus Magnentius<\/a> \u2013 Artigo biogr\u00e1fico deste beneditino, abade de Fulda, Arcebispo de Mainz, te\u00f3logo, que morreu em 856<br><a href=\"https:\/\/enciclopediacatolica.com.br\/?p=364\" title=\"Raccolta\">Raccolta<\/a> \u2013 Um livro contendo ora\u00e7\u00f5es e exerc\u00edcios piedosos aos quais os papas atrelaram indulg\u00eancias<br><a href=\"https:\/\/enciclopediacatolica.com.br\/?p=366\" title=\"S\u00e3o Rafael\">Rafael, S\u00e3o<\/a> \u2013 Arcanjo que aparece no Livro de Tobias<br><a href=\"https:\/\/enciclopediacatolica.com.br\/?p=368\" title=\"Ressurrei\u00e7\u00e3o de Jesus Cristo\">Ressurrei\u00e7\u00e3o de Jesus Cristo<\/a> \u2013 Ressurrei\u00e7\u00e3o \u00e9 voltar de novo dos mortos, a retomada da vida<br><a href=\"https:\/\/enciclopediacatolica.com.br\/?p=370\" title=\"O Ros\u00e1rio\">Ros\u00e1rio, O<\/a> \u2013 Hist\u00f3ria desta devo\u00e7\u00e3o. Tamb\u00e9m considera a pr\u00e1tica Ortodoxa e Cat\u00f3lica de Rito Oriental<\/p>\n","protected":false},"excerpt":{"rendered":"<p>Rabanus, Beato Maurus Magnentius \u2013 Artigo biogr\u00e1fico deste beneditino, abade de Fulda, Arcebispo de Mainz, te\u00f3logo, que morreu em 856Raccolta \u2013 Um livro contendo ora\u00e7\u00f5es e exerc\u00edcios piedosos aos quais os papas atrelaram indulg\u00eanciasRafael, S\u00e3o \u2013 Arcanjo que aparece no Livro de TobiasRessurrei\u00e7\u00e3o de Jesus Cristo \u2013 Ressurrei\u00e7\u00e3o \u00e9 voltar de novo dos mortos, a &hellip; <\/p>\n<p class=\"link-more\"><a href=\"https:\/\/enciclopediacatolica.com.br\/?page_id=83\" class=\"more-link\">Read the full post &rarr;<span class=\"screen-reader-text\">&#8220;R&#8221;<\/span><\/a><\/p>\n","protected":false},"author":1,"featured_media":0,"parent":0,"menu_order":0,"comment_status":"closed","ping_status":"closed","template":"","meta":{"om_disable_all_campaigns":false,"_monsterinsights_skip_tracking":false,"_monsterinsights_sitenote_active":false,"_monsterinsights_sitenote_note":"","_monsterinsights_sitenote_category":0,"footnotes":""},"class_list":["post-83","page","type-page","status-publish","hentry"],"jetpack_sharing_enabled":true,"_links":{"self":[{"href":"https:\/\/enciclopediacatolica.com.br\/index.php?rest_route=\/wp\/v2\/pages\/83","targetHints":{"allow":["GET"]}}],"collection":[{"href":"https:\/\/enciclopediacatolica.com.br\/index.php?rest_route=\/wp\/v2\/pages"}],"about":[{"href":"https:\/\/enciclopediacatolica.com.br\/index.php?rest_route=\/wp\/v2\/types\/page"}],"author":[{"embeddable":true,"href":"https:\/\/enciclopediacatolica.com.br\/index.php?rest_route=\/wp\/v2\/users\/1"}],"replies":[{"embeddable":true,"href":"https:\/\/enciclopediacatolica.com.br\/index.php?rest_route=%2Fwp%2Fv2%2Fcomments&post=83"}],"version-history":[{"count":3,"href":"https:\/\/enciclopediacatolica.com.br\/index.php?rest_route=\/wp\/v2\/pages\/83\/revisions"}],"predecessor-version":[{"id":528,"href":"https:\/\/enciclopediacatolica.com.br\/index.php?rest_route=\/wp\/v2\/pages\/83\/revisions\/528"}],"wp:attachment":[{"href":"https:\/\/enciclopediacatolica.com.br\/index.php?rest_route=%2Fwp%2Fv2%2Fmedia&parent=83"}],"curies":[{"name":"wp","href":"https:\/\/api.w.org\/{rel}","templated":true}]}}