{"id":89,"date":"2021-05-24T00:25:24","date_gmt":"2021-05-24T03:25:24","guid":{"rendered":"https:\/\/enciclopediacatolica.com.br\/?page_id=89"},"modified":"2021-05-24T23:02:00","modified_gmt":"2021-05-25T02:02:00","slug":"u","status":"publish","type":"page","link":"https:\/\/enciclopediacatolica.com.br\/?page_id=89","title":{"rendered":"U"},"content":{"rendered":"\n<p><a href=\"https:\/\/enciclopediacatolica.com.br\/?p=402\" title=\"Casimir Ubaghs\">Ubaghs, Casimir<\/a> \u2013 Nascido em Berg\u00e9lez-Fauquemont em 26 de Novembro de 1800; morto em Louvain em 15 de Fevereiro de 1875<br><a href=\"https:\/\/enciclopediacatolica.com.br\/?p=404\" title=\"Santo Ubaldo\">Ubaldo, Santo<\/a> \u2013 Confessor, bispo de Gubbio, nascido de pais nobres em Gubbio, \u00dambria, It\u00e1lia, pr\u00f3ximo ao come\u00e7o do s\u00e9culo XII; morreu l\u00e1, em Whitsuntide em 1168<br><a href=\"https:\/\/enciclopediacatolica.com.br\/?p=406\" title=\"Ubangi\">Ubangi<\/a> \u2013 Vicariato Apost\u00f3lico; anteriormente fazia parte do Vicariato do Congo Franc\u00eas, erigido em 14 de Out. de 1890<\/p>\n","protected":false},"excerpt":{"rendered":"<p>Ubaghs, Casimir \u2013 Nascido em Berg\u00e9lez-Fauquemont em 26 de Novembro de 1800; morto em Louvain em 15 de Fevereiro de 1875Ubaldo, Santo \u2013 Confessor, bispo de Gubbio, nascido de pais nobres em Gubbio, \u00dambria, It\u00e1lia, pr\u00f3ximo ao come\u00e7o do s\u00e9culo XII; morreu l\u00e1, em Whitsuntide em 1168Ubangi \u2013 Vicariato Apost\u00f3lico; anteriormente fazia parte do Vicariato &hellip; <\/p>\n<p class=\"link-more\"><a href=\"https:\/\/enciclopediacatolica.com.br\/?page_id=89\" class=\"more-link\">Read the full post &rarr;<span class=\"screen-reader-text\">&#8220;U&#8221;<\/span><\/a><\/p>\n","protected":false},"author":1,"featured_media":0,"parent":0,"menu_order":0,"comment_status":"closed","ping_status":"closed","template":"","meta":{"om_disable_all_campaigns":false,"_monsterinsights_skip_tracking":false,"_monsterinsights_sitenote_active":false,"_monsterinsights_sitenote_note":"","_monsterinsights_sitenote_category":0,"footnotes":""},"class_list":["post-89","page","type-page","status-publish","hentry"],"jetpack_sharing_enabled":true,"_links":{"self":[{"href":"https:\/\/enciclopediacatolica.com.br\/index.php?rest_route=\/wp\/v2\/pages\/89","targetHints":{"allow":["GET"]}}],"collection":[{"href":"https:\/\/enciclopediacatolica.com.br\/index.php?rest_route=\/wp\/v2\/pages"}],"about":[{"href":"https:\/\/enciclopediacatolica.com.br\/index.php?rest_route=\/wp\/v2\/types\/page"}],"author":[{"embeddable":true,"href":"https:\/\/enciclopediacatolica.com.br\/index.php?rest_route=\/wp\/v2\/users\/1"}],"replies":[{"embeddable":true,"href":"https:\/\/enciclopediacatolica.com.br\/index.php?rest_route=%2Fwp%2Fv2%2Fcomments&post=89"}],"version-history":[{"count":2,"href":"https:\/\/enciclopediacatolica.com.br\/index.php?rest_route=\/wp\/v2\/pages\/89\/revisions"}],"predecessor-version":[{"id":476,"href":"https:\/\/enciclopediacatolica.com.br\/index.php?rest_route=\/wp\/v2\/pages\/89\/revisions\/476"}],"wp:attachment":[{"href":"https:\/\/enciclopediacatolica.com.br\/index.php?rest_route=%2Fwp%2Fv2%2Fmedia&parent=89"}],"curies":[{"name":"wp","href":"https:\/\/api.w.org\/{rel}","templated":true}]}}