{"id":93,"date":"2021-05-24T00:25:52","date_gmt":"2021-05-24T03:25:52","guid":{"rendered":"https:\/\/enciclopediacatolica.com.br\/?page_id=93"},"modified":"2021-05-24T23:05:34","modified_gmt":"2021-05-25T02:05:34","slug":"w","status":"publish","type":"page","link":"https:\/\/enciclopediacatolica.com.br\/?page_id=93","title":{"rendered":"W"},"content":{"rendered":"\n<p><a href=\"https:\/\/enciclopediacatolica.com.br\/?p=420\" title=\"Wilhelm Heinrich Waagen\">Waagen, Wilhelm Heinrich<\/a> \u2013 Ge\u00f3logo e paleont\u00f3logo (1841-1900)<br><a href=\"https:\/\/enciclopediacatolica.com.br\/?p=422\" title=\"Robert Wace\">Wace, Robert<\/a> \u2013 Poeta, nascido em Jersey, por volta de 1100; morto em Bayeux, 1174<br><a href=\"https:\/\/enciclopediacatolica.com.br\/?p=418\" title=\"Diocese de Waitzen\">Waitzen, Diocese de<\/a> \u2013 Localizada na Hungria; sufrag\u00e2nea de Gran; provavelmente fundada pelo Rei Sto. Est\u00eav\u00e3o<br><a href=\"https:\/\/enciclopediacatolica.com.br\/?p=424\" title=\"Georg Witzel\">Witzel, Georg<\/a> \u2013 Te\u00f3logo Hessiano (1501-1573)<\/p>\n","protected":false},"excerpt":{"rendered":"<p>Waagen, Wilhelm Heinrich \u2013 Ge\u00f3logo e paleont\u00f3logo (1841-1900)Wace, Robert \u2013 Poeta, nascido em Jersey, por volta de 1100; morto em Bayeux, 1174Waitzen, Diocese de \u2013 Localizada na Hungria; sufrag\u00e2nea de Gran; provavelmente fundada pelo Rei Sto. Est\u00eav\u00e3oWitzel, Georg \u2013 Te\u00f3logo Hessiano (1501-1573)<\/p>\n","protected":false},"author":1,"featured_media":0,"parent":0,"menu_order":0,"comment_status":"closed","ping_status":"closed","template":"","meta":{"om_disable_all_campaigns":false,"_monsterinsights_skip_tracking":false,"_monsterinsights_sitenote_active":false,"_monsterinsights_sitenote_note":"","_monsterinsights_sitenote_category":0,"footnotes":""},"class_list":["post-93","page","type-page","status-publish","hentry"],"jetpack_sharing_enabled":true,"_links":{"self":[{"href":"https:\/\/enciclopediacatolica.com.br\/index.php?rest_route=\/wp\/v2\/pages\/93","targetHints":{"allow":["GET"]}}],"collection":[{"href":"https:\/\/enciclopediacatolica.com.br\/index.php?rest_route=\/wp\/v2\/pages"}],"about":[{"href":"https:\/\/enciclopediacatolica.com.br\/index.php?rest_route=\/wp\/v2\/types\/page"}],"author":[{"embeddable":true,"href":"https:\/\/enciclopediacatolica.com.br\/index.php?rest_route=\/wp\/v2\/users\/1"}],"replies":[{"embeddable":true,"href":"https:\/\/enciclopediacatolica.com.br\/index.php?rest_route=%2Fwp%2Fv2%2Fcomments&post=93"}],"version-history":[{"count":2,"href":"https:\/\/enciclopediacatolica.com.br\/index.php?rest_route=\/wp\/v2\/pages\/93\/revisions"}],"predecessor-version":[{"id":479,"href":"https:\/\/enciclopediacatolica.com.br\/index.php?rest_route=\/wp\/v2\/pages\/93\/revisions\/479"}],"wp:attachment":[{"href":"https:\/\/enciclopediacatolica.com.br\/index.php?rest_route=%2Fwp%2Fv2%2Fmedia&parent=93"}],"curies":[{"name":"wp","href":"https:\/\/api.w.org\/{rel}","templated":true}]}}